{"id":1189,"date":"2024-07-31T18:19:34","date_gmt":"2024-07-31T17:19:34","guid":{"rendered":"https:\/\/www.triatlonpalmaces.com\/?page_id=1189"},"modified":"2025-07-29T22:11:35","modified_gmt":"2025-07-29T21:11:35","slug":"fotos","status":"publish","type":"page","link":"https:\/\/www.triatlonpalmaces.com\/?page_id=1189","title":{"rendered":"Fotos"},"content":{"rendered":"\n<p><strong>Fotos Triatl\u00f3n P\u00e1lmaces 2025<\/strong><\/p>\n\n\n\n<div class=\"wp-block-group has-global-padding is-layout-constrained wp-block-group-is-layout-constrained\">\n<div class=\"wp-block-columns is-layout-flex wp-container-core-columns-is-layout-28f84493 wp-block-columns-is-layout-flex\">\n<div class=\"wp-block-column is-layout-flow wp-block-column-is-layout-flow\">\n<div class=\"wp-block-cover\" style=\"border-style:none;border-width:0px;min-height:178px;aspect-ratio:unset;\"><img loading=\"lazy\" decoding=\"async\" width=\"2560\" height=\"1703\" class=\"wp-block-cover__image-background wp-image-1956\" alt=\"\" src=\"https:\/\/www.triatlonpalmaces.com\/wp-content\/uploads\/2025\/07\/GRU_0088-scaled.jpg\" data-object-fit=\"cover\" srcset=\"https:\/\/www.triatlonpalmaces.com\/wp-content\/uploads\/2025\/07\/GRU_0088-scaled.jpg 2560w, https:\/\/www.triatlonpalmaces.com\/wp-content\/uploads\/2025\/07\/GRU_0088-300x200.jpg 300w, https:\/\/www.triatlonpalmaces.com\/wp-content\/uploads\/2025\/07\/GRU_0088-1024x681.jpg 1024w, https:\/\/www.triatlonpalmaces.com\/wp-content\/uploads\/2025\/07\/GRU_0088-768x511.jpg 768w, https:\/\/www.triatlonpalmaces.com\/wp-content\/uploads\/2025\/07\/GRU_0088-1536x1022.jpg 1536w, https:\/\/www.triatlonpalmaces.com\/wp-content\/uploads\/2025\/07\/GRU_0088-2048x1363.jpg 2048w\" sizes=\"auto, (max-width: 2560px) 100vw, 2560px\" \/><span aria-hidden=\"true\" class=\"wp-block-cover__background has-background-dim\"><\/span><div class=\"wp-block-cover__inner-container is-layout-flow wp-block-cover-is-layout-flow\">\n<p class=\"has-text-align-center has-text-color has-link-color has-medium-font-size wp-elements-53609bf9a81f35541c83704745e90b3f\" style=\"color:#ffffff\"><a href=\"https:\/\/drive.google.com\/drive\/folders\/1tnTEJI17Bw53yij0nqhAPfWYhdtMnkLs?usp=sharing\" target=\"_blank\" rel=\"noreferrer noopener\">\u00c1LBUM 1 (JAVIER GIL)<\/a><\/p>\n<\/div><\/div>\n<\/div>\n\n\n\n<div class=\"wp-block-column is-layout-flow wp-block-column-is-layout-flow\">\n<div class=\"wp-block-cover\" style=\"border-style:none;border-width:0px;min-height:178px;aspect-ratio:unset;\"><img loading=\"lazy\" decoding=\"async\" width=\"2560\" height=\"1707\" class=\"wp-block-cover__image-background wp-image-1959 size-full\" alt=\"\" src=\"https:\/\/www.triatlonpalmaces.com\/wp-content\/uploads\/2025\/07\/DSCF1275-scaled.jpg\" data-object-fit=\"cover\" srcset=\"https:\/\/www.triatlonpalmaces.com\/wp-content\/uploads\/2025\/07\/DSCF1275-scaled.jpg 2560w, https:\/\/www.triatlonpalmaces.com\/wp-content\/uploads\/2025\/07\/DSCF1275-300x200.jpg 300w, https:\/\/www.triatlonpalmaces.com\/wp-content\/uploads\/2025\/07\/DSCF1275-1024x683.jpg 1024w, https:\/\/www.triatlonpalmaces.com\/wp-content\/uploads\/2025\/07\/DSCF1275-768x512.jpg 768w, https:\/\/www.triatlonpalmaces.com\/wp-content\/uploads\/2025\/07\/DSCF1275-1536x1024.jpg 1536w, https:\/\/www.triatlonpalmaces.com\/wp-content\/uploads\/2025\/07\/DSCF1275-2048x1365.jpg 2048w\" sizes=\"auto, (max-width: 2560px) 100vw, 2560px\" \/><span aria-hidden=\"true\" class=\"wp-block-cover__background has-background-dim-20 has-background-dim\"><\/span><div class=\"wp-block-cover__inner-container is-layout-flow wp-block-cover-is-layout-flow\">\n<p class=\"has-text-align-center has-text-color has-link-color has-medium-font-size wp-elements-15ce716234c7a43723dff9af1aba4d63\" style=\"color:#ffffff\"><a href=\"https:\/\/drive.google.com\/drive\/folders\/1C1CrjIM9_au-YfFpdyup5D1Bg5gpHjV_?usp=sharing\" target=\"_blank\" rel=\"noreferrer noopener\">\u00c1LBUM 2 (NATALIA S\u00c1NCHEZ)<\/a><\/p>\n<\/div><\/div>\n<\/div>\n\n\n\n<div class=\"wp-block-column is-layout-flow wp-block-column-is-layout-flow\">\n<div class=\"wp-block-cover\" style=\"border-style:none;border-width:0px;min-height:178px;aspect-ratio:unset;\"><img loading=\"lazy\" decoding=\"async\" width=\"2560\" height=\"1440\" class=\"wp-block-cover__image-background wp-image-1965 size-full\" alt=\"\" src=\"https:\/\/www.triatlonpalmaces.com\/wp-content\/uploads\/2025\/07\/P1110614-scaled.jpg\" data-object-fit=\"cover\" srcset=\"https:\/\/www.triatlonpalmaces.com\/wp-content\/uploads\/2025\/07\/P1110614-scaled.jpg 2560w, https:\/\/www.triatlonpalmaces.com\/wp-content\/uploads\/2025\/07\/P1110614-300x169.jpg 300w, https:\/\/www.triatlonpalmaces.com\/wp-content\/uploads\/2025\/07\/P1110614-1024x576.jpg 1024w, https:\/\/www.triatlonpalmaces.com\/wp-content\/uploads\/2025\/07\/P1110614-768x432.jpg 768w, https:\/\/www.triatlonpalmaces.com\/wp-content\/uploads\/2025\/07\/P1110614-1536x864.jpg 1536w, https:\/\/www.triatlonpalmaces.com\/wp-content\/uploads\/2025\/07\/P1110614-2048x1152.jpg 2048w\" sizes=\"auto, (max-width: 2560px) 100vw, 2560px\" \/><span aria-hidden=\"true\" class=\"wp-block-cover__background has-background-dim\"><\/span><div class=\"wp-block-cover__inner-container is-layout-flow wp-block-cover-is-layout-flow\">\n<p class=\"has-text-align-center has-text-color has-link-color has-medium-font-size wp-elements-50ac921a5cf357be26fc56f47ecd3e2c\" style=\"color:#ffffff\"><a href=\"https:\/\/drive.google.com\/drive\/folders\/1No8OxU2IBk4iPreu9kvW0jdDNSXPoPkt?usp=sharing\">\u00c1LBUM 3 (JULIO DE TORO)<\/a><\/p>\n<\/div><\/div>\n<\/div>\n<\/div>\n<\/div>\n\n\n\n<div class=\"wp-block-columns is-layout-flex wp-container-core-columns-is-layout-28f84493 wp-block-columns-is-layout-flex\">\n<div class=\"wp-block-column is-layout-flow wp-block-column-is-layout-flow\">\n<div class=\"wp-block-cover\" style=\"border-style:none;border-width:0px;min-height:178px;aspect-ratio:unset;\"><img loading=\"lazy\" decoding=\"async\" width=\"1440\" height=\"2560\" class=\"wp-block-cover__image-background wp-image-1967 size-full\" alt=\"\" src=\"https:\/\/www.triatlonpalmaces.com\/wp-content\/uploads\/2025\/07\/PXL_20250726_155411021-scaled.jpg\" data-object-fit=\"cover\" srcset=\"https:\/\/www.triatlonpalmaces.com\/wp-content\/uploads\/2025\/07\/PXL_20250726_155411021-scaled.jpg 1440w, https:\/\/www.triatlonpalmaces.com\/wp-content\/uploads\/2025\/07\/PXL_20250726_155411021-169x300.jpg 169w, https:\/\/www.triatlonpalmaces.com\/wp-content\/uploads\/2025\/07\/PXL_20250726_155411021-576x1024.jpg 576w, https:\/\/www.triatlonpalmaces.com\/wp-content\/uploads\/2025\/07\/PXL_20250726_155411021-768x1365.jpg 768w, https:\/\/www.triatlonpalmaces.com\/wp-content\/uploads\/2025\/07\/PXL_20250726_155411021-864x1536.jpg 864w, https:\/\/www.triatlonpalmaces.com\/wp-content\/uploads\/2025\/07\/PXL_20250726_155411021-1152x2048.jpg 1152w\" sizes=\"auto, (max-width: 1440px) 100vw, 1440px\" \/><span aria-hidden=\"true\" class=\"wp-block-cover__background has-background-dim\"><\/span><div class=\"wp-block-cover__inner-container is-layout-flow wp-block-cover-is-layout-flow\">\n<p class=\"has-text-align-center has-text-color has-link-color has-medium-font-size wp-elements-9b76b3c02249ca4d6d18aa6811849518\" style=\"color:#ffffff\"><a href=\"https:\/\/drive.google.com\/drive\/folders\/1Y99JU5y6x3A49rfJ8JA-uplRVI4Jwt4V?usp=sharing\" target=\"_blank\" rel=\"noreferrer noopener\">\u00c1LBUM 4 (CARLOS DE MINGO)<\/a><\/p>\n<\/div><\/div>\n<\/div>\n\n\n\n<div class=\"wp-block-column is-layout-flow wp-block-column-is-layout-flow\">\n<div class=\"wp-block-cover is-light\" style=\"border-style:none;border-width:0px;min-height:178px;aspect-ratio:unset;\"><img loading=\"lazy\" decoding=\"async\" width=\"2560\" height=\"1703\" class=\"wp-block-cover__image-background wp-image-1979 size-full\" alt=\"\" src=\"https:\/\/www.triatlonpalmaces.com\/wp-content\/uploads\/2025\/07\/GRU_0031-scaled.jpg\" data-object-fit=\"cover\" srcset=\"https:\/\/www.triatlonpalmaces.com\/wp-content\/uploads\/2025\/07\/GRU_0031-scaled.jpg 2560w, https:\/\/www.triatlonpalmaces.com\/wp-content\/uploads\/2025\/07\/GRU_0031-300x200.jpg 300w, https:\/\/www.triatlonpalmaces.com\/wp-content\/uploads\/2025\/07\/GRU_0031-1024x681.jpg 1024w, https:\/\/www.triatlonpalmaces.com\/wp-content\/uploads\/2025\/07\/GRU_0031-768x511.jpg 768w, https:\/\/www.triatlonpalmaces.com\/wp-content\/uploads\/2025\/07\/GRU_0031-1536x1022.jpg 1536w, https:\/\/www.triatlonpalmaces.com\/wp-content\/uploads\/2025\/07\/GRU_0031-2048x1363.jpg 2048w\" sizes=\"auto, (max-width: 2560px) 100vw, 2560px\" \/><span aria-hidden=\"true\" class=\"wp-block-cover__background has-background-dim\" style=\"background-color:#7a888c\"><\/span><div class=\"wp-block-cover__inner-container is-layout-flow wp-block-cover-is-layout-flow\">\n<p class=\"has-text-align-center has-text-color has-link-color has-medium-font-size wp-elements-bf6e99b90a0288a6f105fd0bde540792\" style=\"color:#ffffff\"><a href=\"https:\/\/drive.google.com\/drive\/folders\/1_LFi09i3vJa7RZUA5HUYLzI7ZG4XjMyz?usp=sharing\" target=\"_blank\" rel=\"noreferrer noopener\">\u00c1LBUM 5 (MARIBEL GUIJARRO)<\/a><\/p>\n<\/div><\/div>\n<\/div>\n\n\n\n<div class=\"wp-block-column is-layout-flow wp-block-column-is-layout-flow\"><\/div>\n<\/div>\n\n\n\n<p><strong>Fotos Triatl\u00f3n de P\u00e1lmaces 2024<\/strong><\/p>\n\n\n\n<p><a href=\"https:\/\/drive.google.com\/drive\/folders\/1qipeAUWHDFV7hI5Q9GL1Lcoi-TSzHvFD?usp=drive_link\" title=\"Organizaci\u00f3n\">Organizaci\u00f3n<\/a><\/p>\n\n\n\n<p><a title=\"Frutocfotos\" href=\"https:\/\/kstfotografia.barrel.cloud\/es-es\/business-hosts\/eb72ddd3-9247-4fae-ab52-0e4b6998c13a\/n\/Triatlon%20Palmaces%202024?workspaceUuid=6c696b47-8619-47ce-b712-706579056f50\">Kstfotograf\u00eda<\/a><\/p>\n\n\n\n<p><\/p>\n","protected":false},"excerpt":{"rendered":"<p>Fotos Triatl\u00f3n P\u00e1lmaces 2025 Fotos Triatl\u00f3n de P\u00e1lmaces 2024 Organizaci\u00f3n Kstfotograf\u00eda<\/p>\n","protected":false},"author":3,"featured_media":0,"parent":0,"menu_order":9,"comment_status":"closed","ping_status":"closed","template":"","meta":{"_monsterinsights_skip_tracking":false,"_monsterinsights_sitenote_active":false,"_monsterinsights_sitenote_note":"","_monsterinsights_sitenote_category":0,"footnotes":""},"class_list":["post-1189","page","type-page","status-publish","hentry"],"aioseo_notices":[],"yoast_head":"<!-- This site is optimized with the Yoast SEO plugin v23.2 - https:\/\/yoast.com\/wordpress\/plugins\/seo\/ -->\n<title>Fotos - Triatl\u00f3n de P\u00e1lmaces<\/title>\n<meta name=\"robots\" content=\"index, follow, max-snippet:-1, max-image-preview:large, max-video-preview:-1\" \/>\n<link rel=\"canonical\" href=\"https:\/\/www.triatlonpalmaces.com\/?page_id=1189\" \/>\n<meta property=\"og:locale\" content=\"es_ES\" \/>\n<meta property=\"og:type\" content=\"article\" \/>\n<meta property=\"og:title\" content=\"Fotos - Triatl\u00f3n de P\u00e1lmaces\" \/>\n<meta property=\"og:description\" content=\"Fotos Triatl\u00f3n P\u00e1lmaces 2025 Fotos Triatl\u00f3n de P\u00e1lmaces 2024 Organizaci\u00f3n Kstfotograf\u00eda\" \/>\n<meta property=\"og:url\" content=\"https:\/\/www.triatlonpalmaces.com\/?page_id=1189\" \/>\n<meta property=\"og:site_name\" content=\"Triatl\u00f3n de P\u00e1lmaces\" \/>\n<meta property=\"article:modified_time\" content=\"2025-07-29T21:11:35+00:00\" \/>\n<meta property=\"og:image\" content=\"https:\/\/www.triatlonpalmaces.com\/wp-content\/uploads\/2025\/07\/GRU_0088-scaled.jpg\" \/>\n<meta name=\"twitter:card\" content=\"summary_large_image\" \/>\n<meta name=\"twitter:label1\" content=\"Tiempo de lectura\" \/>\n\t<meta name=\"twitter:data1\" content=\"2 minutos\" \/>\n<script type=\"application\/ld+json\" class=\"yoast-schema-graph\">{\"@context\":\"https:\/\/schema.org\",\"@graph\":[{\"@type\":\"WebPage\",\"@id\":\"https:\/\/www.triatlonpalmaces.com\/?page_id=1189\",\"url\":\"https:\/\/www.triatlonpalmaces.com\/?page_id=1189\",\"name\":\"Fotos - Triatl\u00f3n de P\u00e1lmaces\",\"isPartOf\":{\"@id\":\"https:\/\/www.triatlonpalmaces.com\/#website\"},\"primaryImageOfPage\":{\"@id\":\"https:\/\/www.triatlonpalmaces.com\/?page_id=1189#primaryimage\"},\"image\":{\"@id\":\"https:\/\/www.triatlonpalmaces.com\/?page_id=1189#primaryimage\"},\"thumbnailUrl\":\"https:\/\/www.triatlonpalmaces.com\/wp-content\/uploads\/2025\/07\/GRU_0088-scaled.jpg\",\"datePublished\":\"2024-07-31T17:19:34+00:00\",\"dateModified\":\"2025-07-29T21:11:35+00:00\",\"breadcrumb\":{\"@id\":\"https:\/\/www.triatlonpalmaces.com\/?page_id=1189#breadcrumb\"},\"inLanguage\":\"es\",\"potentialAction\":[{\"@type\":\"ReadAction\",\"target\":[\"https:\/\/www.triatlonpalmaces.com\/?page_id=1189\"]}]},{\"@type\":\"ImageObject\",\"inLanguage\":\"es\",\"@id\":\"https:\/\/www.triatlonpalmaces.com\/?page_id=1189#primaryimage\",\"url\":\"https:\/\/www.triatlonpalmaces.com\/wp-content\/uploads\/2025\/07\/GRU_0088-scaled.jpg\",\"contentUrl\":\"https:\/\/www.triatlonpalmaces.com\/wp-content\/uploads\/2025\/07\/GRU_0088-scaled.jpg\",\"width\":2560,\"height\":1703},{\"@type\":\"BreadcrumbList\",\"@id\":\"https:\/\/www.triatlonpalmaces.com\/?page_id=1189#breadcrumb\",\"itemListElement\":[{\"@type\":\"ListItem\",\"position\":1,\"name\":\"Portada\",\"item\":\"https:\/\/www.triatlonpalmaces.com\/\"},{\"@type\":\"ListItem\",\"position\":2,\"name\":\"Fotos\"}]},{\"@type\":\"WebSite\",\"@id\":\"https:\/\/www.triatlonpalmaces.com\/#website\",\"url\":\"https:\/\/www.triatlonpalmaces.com\/\",\"name\":\"Triatl\u00f3n de P\u00e1lmaces\",\"description\":\"Web oficial del Triatl\u00f3n y de la Traves\u00eda de P\u00e1lmaces, y del Trail del Picozo\",\"publisher\":{\"@id\":\"https:\/\/www.triatlonpalmaces.com\/#organization\"},\"potentialAction\":[{\"@type\":\"SearchAction\",\"target\":{\"@type\":\"EntryPoint\",\"urlTemplate\":\"https:\/\/www.triatlonpalmaces.com\/?s={search_term_string}\"},\"query-input\":\"required name=search_term_string\"}],\"inLanguage\":\"es\"},{\"@type\":\"Organization\",\"@id\":\"https:\/\/www.triatlonpalmaces.com\/#organization\",\"name\":\"Triatl\u00f3n de P\u00e1lmaces\",\"url\":\"https:\/\/www.triatlonpalmaces.com\/\",\"logo\":{\"@type\":\"ImageObject\",\"inLanguage\":\"es\",\"@id\":\"https:\/\/www.triatlonpalmaces.com\/#\/schema\/logo\/image\/\",\"url\":\"https:\/\/www.triatlonpalmaces.com\/wp-content\/uploads\/2024\/09\/LOGO-MINIATURA-WEB-BLANCO.png\",\"contentUrl\":\"https:\/\/www.triatlonpalmaces.com\/wp-content\/uploads\/2024\/09\/LOGO-MINIATURA-WEB-BLANCO.png\",\"width\":853,\"height\":903,\"caption\":\"Triatl\u00f3n de P\u00e1lmaces\"},\"image\":{\"@id\":\"https:\/\/www.triatlonpalmaces.com\/#\/schema\/logo\/image\/\"}}]}<\/script>\n<!-- \/ Yoast SEO plugin. -->","yoast_head_json":{"title":"Fotos - Triatl\u00f3n de P\u00e1lmaces","robots":{"index":"index","follow":"follow","max-snippet":"max-snippet:-1","max-image-preview":"max-image-preview:large","max-video-preview":"max-video-preview:-1"},"canonical":"https:\/\/www.triatlonpalmaces.com\/?page_id=1189","og_locale":"es_ES","og_type":"article","og_title":"Fotos - Triatl\u00f3n de P\u00e1lmaces","og_description":"Fotos Triatl\u00f3n P\u00e1lmaces 2025 Fotos Triatl\u00f3n de P\u00e1lmaces 2024 Organizaci\u00f3n Kstfotograf\u00eda","og_url":"https:\/\/www.triatlonpalmaces.com\/?page_id=1189","og_site_name":"Triatl\u00f3n de P\u00e1lmaces","article_modified_time":"2025-07-29T21:11:35+00:00","og_image":[{"url":"https:\/\/www.triatlonpalmaces.com\/wp-content\/uploads\/2025\/07\/GRU_0088-scaled.jpg"}],"twitter_card":"summary_large_image","twitter_misc":{"Tiempo de lectura":"2 minutos"},"schema":{"@context":"https:\/\/schema.org","@graph":[{"@type":"WebPage","@id":"https:\/\/www.triatlonpalmaces.com\/?page_id=1189","url":"https:\/\/www.triatlonpalmaces.com\/?page_id=1189","name":"Fotos - Triatl\u00f3n de P\u00e1lmaces","isPartOf":{"@id":"https:\/\/www.triatlonpalmaces.com\/#website"},"primaryImageOfPage":{"@id":"https:\/\/www.triatlonpalmaces.com\/?page_id=1189#primaryimage"},"image":{"@id":"https:\/\/www.triatlonpalmaces.com\/?page_id=1189#primaryimage"},"thumbnailUrl":"https:\/\/www.triatlonpalmaces.com\/wp-content\/uploads\/2025\/07\/GRU_0088-scaled.jpg","datePublished":"2024-07-31T17:19:34+00:00","dateModified":"2025-07-29T21:11:35+00:00","breadcrumb":{"@id":"https:\/\/www.triatlonpalmaces.com\/?page_id=1189#breadcrumb"},"inLanguage":"es","potentialAction":[{"@type":"ReadAction","target":["https:\/\/www.triatlonpalmaces.com\/?page_id=1189"]}]},{"@type":"ImageObject","inLanguage":"es","@id":"https:\/\/www.triatlonpalmaces.com\/?page_id=1189#primaryimage","url":"https:\/\/www.triatlonpalmaces.com\/wp-content\/uploads\/2025\/07\/GRU_0088-scaled.jpg","contentUrl":"https:\/\/www.triatlonpalmaces.com\/wp-content\/uploads\/2025\/07\/GRU_0088-scaled.jpg","width":2560,"height":1703},{"@type":"BreadcrumbList","@id":"https:\/\/www.triatlonpalmaces.com\/?page_id=1189#breadcrumb","itemListElement":[{"@type":"ListItem","position":1,"name":"Portada","item":"https:\/\/www.triatlonpalmaces.com\/"},{"@type":"ListItem","position":2,"name":"Fotos"}]},{"@type":"WebSite","@id":"https:\/\/www.triatlonpalmaces.com\/#website","url":"https:\/\/www.triatlonpalmaces.com\/","name":"Triatl\u00f3n de P\u00e1lmaces","description":"Web oficial del Triatl\u00f3n y de la Traves\u00eda de P\u00e1lmaces, y del Trail del Picozo","publisher":{"@id":"https:\/\/www.triatlonpalmaces.com\/#organization"},"potentialAction":[{"@type":"SearchAction","target":{"@type":"EntryPoint","urlTemplate":"https:\/\/www.triatlonpalmaces.com\/?s={search_term_string}"},"query-input":"required name=search_term_string"}],"inLanguage":"es"},{"@type":"Organization","@id":"https:\/\/www.triatlonpalmaces.com\/#organization","name":"Triatl\u00f3n de P\u00e1lmaces","url":"https:\/\/www.triatlonpalmaces.com\/","logo":{"@type":"ImageObject","inLanguage":"es","@id":"https:\/\/www.triatlonpalmaces.com\/#\/schema\/logo\/image\/","url":"https:\/\/www.triatlonpalmaces.com\/wp-content\/uploads\/2024\/09\/LOGO-MINIATURA-WEB-BLANCO.png","contentUrl":"https:\/\/www.triatlonpalmaces.com\/wp-content\/uploads\/2024\/09\/LOGO-MINIATURA-WEB-BLANCO.png","width":853,"height":903,"caption":"Triatl\u00f3n de P\u00e1lmaces"},"image":{"@id":"https:\/\/www.triatlonpalmaces.com\/#\/schema\/logo\/image\/"}}]}},"_links":{"self":[{"href":"https:\/\/www.triatlonpalmaces.com\/index.php?rest_route=\/wp\/v2\/pages\/1189","targetHints":{"allow":["GET"]}}],"collection":[{"href":"https:\/\/www.triatlonpalmaces.com\/index.php?rest_route=\/wp\/v2\/pages"}],"about":[{"href":"https:\/\/www.triatlonpalmaces.com\/index.php?rest_route=\/wp\/v2\/types\/page"}],"author":[{"embeddable":true,"href":"https:\/\/www.triatlonpalmaces.com\/index.php?rest_route=\/wp\/v2\/users\/3"}],"replies":[{"embeddable":true,"href":"https:\/\/www.triatlonpalmaces.com\/index.php?rest_route=%2Fwp%2Fv2%2Fcomments&post=1189"}],"version-history":[{"count":13,"href":"https:\/\/www.triatlonpalmaces.com\/index.php?rest_route=\/wp\/v2\/pages\/1189\/revisions"}],"predecessor-version":[{"id":1985,"href":"https:\/\/www.triatlonpalmaces.com\/index.php?rest_route=\/wp\/v2\/pages\/1189\/revisions\/1985"}],"wp:attachment":[{"href":"https:\/\/www.triatlonpalmaces.com\/index.php?rest_route=%2Fwp%2Fv2%2Fmedia&parent=1189"}],"curies":[{"name":"wp","href":"https:\/\/api.w.org\/{rel}","templated":true}]}}