{"id":839,"date":"2023-09-14T12:28:10","date_gmt":"2023-09-14T11:28:10","guid":{"rendered":"https:\/\/www.triatlonpalmaces.com\/?page_id=839"},"modified":"2025-10-25T16:13:02","modified_gmt":"2025-10-25T15:13:02","slug":"recorridos-trail-del-picozo","status":"publish","type":"page","link":"https:\/\/www.triatlonpalmaces.com\/?page_id=839","title":{"rendered":"Recorridos Trail del Picozo"},"content":{"rendered":"\n<p class=\"has-small-font-size\">* Los recorridos podr\u00edan variar dependiendo del nivel del r\u00edo y del embalse.<\/p>\n\n\n\n<p><strong>Distancia 10km<\/strong><\/p>\n\n\n\n<p>Recorrido en <a href=\"https:\/\/es.wikiloc.com\/rutas-carrera-por-montana\/trail-del-picozo-10-km-2025-237485025\" target=\"_blank\" rel=\"noreferrer noopener\">Wikiloc<\/a><\/p>\n\n\n\n<figure class=\"wp-block-image size-full\"><a href=\"https:\/\/es.wikiloc.com\/rutas-carrera-por-montana\/trail-del-picozo-10-km-2025-237485025\" target=\"_blank\" rel=\" noreferrer noopener\"><img loading=\"lazy\" decoding=\"async\" width=\"1289\" height=\"950\" src=\"https:\/\/www.triatlonpalmaces.com\/wp-content\/uploads\/2025\/10\/CIRCUITO-10-KM-2025.png\" alt=\"\" class=\"wp-image-2209\" srcset=\"https:\/\/www.triatlonpalmaces.com\/wp-content\/uploads\/2025\/10\/CIRCUITO-10-KM-2025.png 1289w, https:\/\/www.triatlonpalmaces.com\/wp-content\/uploads\/2025\/10\/CIRCUITO-10-KM-2025-300x221.png 300w, https:\/\/www.triatlonpalmaces.com\/wp-content\/uploads\/2025\/10\/CIRCUITO-10-KM-2025-1024x755.png 1024w, https:\/\/www.triatlonpalmaces.com\/wp-content\/uploads\/2025\/10\/CIRCUITO-10-KM-2025-768x566.png 768w\" sizes=\"auto, (max-width: 1289px) 100vw, 1289px\" \/><\/a><\/figure>\n\n\n\n<p><strong>Distancia 17 km<\/strong><\/p>\n\n\n\n<p>Recorrido en <a href=\"https:\/\/es.wikiloc.com\/rutas-carrera-por-montana\/trail-del-picozo-17km-2025-237474240\" target=\"_blank\" rel=\"noreferrer noopener\">Wikiloc<\/a><\/p>\n\n\n\n<figure class=\"wp-block-image size-full\"><a href=\"https:\/\/es.wikiloc.com\/rutas-carrera-por-montana\/trail-del-picozo-17km-2025-237474240\" target=\"_blank\" rel=\" noreferrer noopener\"><img loading=\"lazy\" decoding=\"async\" width=\"1289\" height=\"950\" src=\"https:\/\/www.triatlonpalmaces.com\/wp-content\/uploads\/2025\/10\/CIRCUITO-17-KM-2025.png\" alt=\"\" class=\"wp-image-2210\" srcset=\"https:\/\/www.triatlonpalmaces.com\/wp-content\/uploads\/2025\/10\/CIRCUITO-17-KM-2025.png 1289w, https:\/\/www.triatlonpalmaces.com\/wp-content\/uploads\/2025\/10\/CIRCUITO-17-KM-2025-300x221.png 300w, https:\/\/www.triatlonpalmaces.com\/wp-content\/uploads\/2025\/10\/CIRCUITO-17-KM-2025-1024x755.png 1024w, https:\/\/www.triatlonpalmaces.com\/wp-content\/uploads\/2025\/10\/CIRCUITO-17-KM-2025-768x566.png 768w\" sizes=\"auto, (max-width: 1289px) 100vw, 1289px\" \/><\/a><\/figure>\n\n\n\n<p><\/p>\n\n\n\n<p>Si hubiera que modificar los recorridos por los mencionados niveles del embalse y\/o r\u00edo, se utilizar\u00e1n similares a los de 2024: <a href=\"https:\/\/es.wikiloc.com\/rutas-carrera-por-montana\/trail-del-picozo-2024-17-km-modificacion-recorrido-original-190136486\">17 km<\/a> y <a href=\"https:\/\/es.wikiloc.com\/rutas-carrera-por-montana\/trail-del-picozo-2024-10-km-modificacion-recorrido-original-190137635\">10km<\/a><\/p>\n\n\n\n<p><\/p>\n","protected":false},"excerpt":{"rendered":"<p>* Los recorridos podr\u00edan variar dependiendo del nivel del r\u00edo y del embalse. Distancia 10km Recorrido en Wikiloc Distancia 17 km Recorrido en Wikiloc Si hubiera que modificar los recorridos por los mencionados niveles del embalse y\/o r\u00edo, se utilizar\u00e1n similares a los de 2024: 17 km y 10km<\/p>\n","protected":false},"author":3,"featured_media":0,"parent":91,"menu_order":3,"comment_status":"closed","ping_status":"closed","template":"","meta":{"_monsterinsights_skip_tracking":false,"_monsterinsights_sitenote_active":false,"_monsterinsights_sitenote_note":"","_monsterinsights_sitenote_category":0,"footnotes":""},"class_list":["post-839","page","type-page","status-publish","hentry"],"aioseo_notices":[],"yoast_head":"<!-- This site is optimized with the Yoast SEO plugin v23.2 - https:\/\/yoast.com\/wordpress\/plugins\/seo\/ -->\n<title>Recorridos Trail del Picozo - Triatl\u00f3n de P\u00e1lmaces<\/title>\n<meta name=\"robots\" content=\"index, follow, max-snippet:-1, max-image-preview:large, max-video-preview:-1\" \/>\n<link rel=\"canonical\" href=\"https:\/\/www.triatlonpalmaces.com\/?page_id=839\" \/>\n<meta property=\"og:locale\" content=\"es_ES\" \/>\n<meta property=\"og:type\" content=\"article\" \/>\n<meta property=\"og:title\" content=\"Recorridos Trail del Picozo - Triatl\u00f3n de P\u00e1lmaces\" \/>\n<meta property=\"og:description\" content=\"* Los recorridos podr\u00edan variar dependiendo del nivel del r\u00edo y del embalse. Distancia 10km Recorrido en Wikiloc Distancia 17 km Recorrido en Wikiloc Si hubiera que modificar los recorridos por los mencionados niveles del embalse y\/o r\u00edo, se utilizar\u00e1n similares a los de 2024: 17 km y 10km\" \/>\n<meta property=\"og:url\" content=\"https:\/\/www.triatlonpalmaces.com\/?page_id=839\" \/>\n<meta property=\"og:site_name\" content=\"Triatl\u00f3n de P\u00e1lmaces\" \/>\n<meta property=\"article:modified_time\" content=\"2025-10-25T15:13:02+00:00\" \/>\n<meta property=\"og:image\" content=\"https:\/\/www.triatlonpalmaces.com\/wp-content\/uploads\/2025\/10\/CIRCUITO-10-KM-2025.png\" \/>\n<meta name=\"twitter:card\" content=\"summary_large_image\" \/>\n<meta name=\"twitter:label1\" content=\"Tiempo de lectura\" \/>\n\t<meta name=\"twitter:data1\" content=\"1 minuto\" \/>\n<script type=\"application\/ld+json\" class=\"yoast-schema-graph\">{\"@context\":\"https:\/\/schema.org\",\"@graph\":[{\"@type\":\"WebPage\",\"@id\":\"https:\/\/www.triatlonpalmaces.com\/?page_id=839\",\"url\":\"https:\/\/www.triatlonpalmaces.com\/?page_id=839\",\"name\":\"Recorridos Trail del Picozo - Triatl\u00f3n de P\u00e1lmaces\",\"isPartOf\":{\"@id\":\"https:\/\/www.triatlonpalmaces.com\/#website\"},\"primaryImageOfPage\":{\"@id\":\"https:\/\/www.triatlonpalmaces.com\/?page_id=839#primaryimage\"},\"image\":{\"@id\":\"https:\/\/www.triatlonpalmaces.com\/?page_id=839#primaryimage\"},\"thumbnailUrl\":\"https:\/\/www.triatlonpalmaces.com\/wp-content\/uploads\/2025\/10\/CIRCUITO-10-KM-2025.png\",\"datePublished\":\"2023-09-14T11:28:10+00:00\",\"dateModified\":\"2025-10-25T15:13:02+00:00\",\"breadcrumb\":{\"@id\":\"https:\/\/www.triatlonpalmaces.com\/?page_id=839#breadcrumb\"},\"inLanguage\":\"es\",\"potentialAction\":[{\"@type\":\"ReadAction\",\"target\":[\"https:\/\/www.triatlonpalmaces.com\/?page_id=839\"]}]},{\"@type\":\"ImageObject\",\"inLanguage\":\"es\",\"@id\":\"https:\/\/www.triatlonpalmaces.com\/?page_id=839#primaryimage\",\"url\":\"https:\/\/www.triatlonpalmaces.com\/wp-content\/uploads\/2025\/10\/CIRCUITO-10-KM-2025.png\",\"contentUrl\":\"https:\/\/www.triatlonpalmaces.com\/wp-content\/uploads\/2025\/10\/CIRCUITO-10-KM-2025.png\",\"width\":1289,\"height\":950},{\"@type\":\"BreadcrumbList\",\"@id\":\"https:\/\/www.triatlonpalmaces.com\/?page_id=839#breadcrumb\",\"itemListElement\":[{\"@type\":\"ListItem\",\"position\":1,\"name\":\"Portada\",\"item\":\"https:\/\/www.triatlonpalmaces.com\/\"},{\"@type\":\"ListItem\",\"position\":2,\"name\":\"Trail del Picozo\",\"item\":\"https:\/\/www.triatlonpalmaces.com\/?page_id=91\"},{\"@type\":\"ListItem\",\"position\":3,\"name\":\"Recorridos Trail del Picozo\"}]},{\"@type\":\"WebSite\",\"@id\":\"https:\/\/www.triatlonpalmaces.com\/#website\",\"url\":\"https:\/\/www.triatlonpalmaces.com\/\",\"name\":\"Triatl\u00f3n de P\u00e1lmaces\",\"description\":\"Web oficial del Triatl\u00f3n y de la Traves\u00eda de P\u00e1lmaces, y del Trail del Picozo\",\"publisher\":{\"@id\":\"https:\/\/www.triatlonpalmaces.com\/#organization\"},\"potentialAction\":[{\"@type\":\"SearchAction\",\"target\":{\"@type\":\"EntryPoint\",\"urlTemplate\":\"https:\/\/www.triatlonpalmaces.com\/?s={search_term_string}\"},\"query-input\":\"required name=search_term_string\"}],\"inLanguage\":\"es\"},{\"@type\":\"Organization\",\"@id\":\"https:\/\/www.triatlonpalmaces.com\/#organization\",\"name\":\"Triatl\u00f3n de P\u00e1lmaces\",\"url\":\"https:\/\/www.triatlonpalmaces.com\/\",\"logo\":{\"@type\":\"ImageObject\",\"inLanguage\":\"es\",\"@id\":\"https:\/\/www.triatlonpalmaces.com\/#\/schema\/logo\/image\/\",\"url\":\"https:\/\/www.triatlonpalmaces.com\/wp-content\/uploads\/2024\/09\/LOGO-MINIATURA-WEB-BLANCO.png\",\"contentUrl\":\"https:\/\/www.triatlonpalmaces.com\/wp-content\/uploads\/2024\/09\/LOGO-MINIATURA-WEB-BLANCO.png\",\"width\":853,\"height\":903,\"caption\":\"Triatl\u00f3n de P\u00e1lmaces\"},\"image\":{\"@id\":\"https:\/\/www.triatlonpalmaces.com\/#\/schema\/logo\/image\/\"}}]}<\/script>\n<!-- \/ Yoast SEO plugin. -->","yoast_head_json":{"title":"Recorridos Trail del Picozo - Triatl\u00f3n de P\u00e1lmaces","robots":{"index":"index","follow":"follow","max-snippet":"max-snippet:-1","max-image-preview":"max-image-preview:large","max-video-preview":"max-video-preview:-1"},"canonical":"https:\/\/www.triatlonpalmaces.com\/?page_id=839","og_locale":"es_ES","og_type":"article","og_title":"Recorridos Trail del Picozo - Triatl\u00f3n de P\u00e1lmaces","og_description":"* Los recorridos podr\u00edan variar dependiendo del nivel del r\u00edo y del embalse. Distancia 10km Recorrido en Wikiloc Distancia 17 km Recorrido en Wikiloc Si hubiera que modificar los recorridos por los mencionados niveles del embalse y\/o r\u00edo, se utilizar\u00e1n similares a los de 2024: 17 km y 10km","og_url":"https:\/\/www.triatlonpalmaces.com\/?page_id=839","og_site_name":"Triatl\u00f3n de P\u00e1lmaces","article_modified_time":"2025-10-25T15:13:02+00:00","og_image":[{"url":"https:\/\/www.triatlonpalmaces.com\/wp-content\/uploads\/2025\/10\/CIRCUITO-10-KM-2025.png"}],"twitter_card":"summary_large_image","twitter_misc":{"Tiempo de lectura":"1 minuto"},"schema":{"@context":"https:\/\/schema.org","@graph":[{"@type":"WebPage","@id":"https:\/\/www.triatlonpalmaces.com\/?page_id=839","url":"https:\/\/www.triatlonpalmaces.com\/?page_id=839","name":"Recorridos Trail del Picozo - Triatl\u00f3n de P\u00e1lmaces","isPartOf":{"@id":"https:\/\/www.triatlonpalmaces.com\/#website"},"primaryImageOfPage":{"@id":"https:\/\/www.triatlonpalmaces.com\/?page_id=839#primaryimage"},"image":{"@id":"https:\/\/www.triatlonpalmaces.com\/?page_id=839#primaryimage"},"thumbnailUrl":"https:\/\/www.triatlonpalmaces.com\/wp-content\/uploads\/2025\/10\/CIRCUITO-10-KM-2025.png","datePublished":"2023-09-14T11:28:10+00:00","dateModified":"2025-10-25T15:13:02+00:00","breadcrumb":{"@id":"https:\/\/www.triatlonpalmaces.com\/?page_id=839#breadcrumb"},"inLanguage":"es","potentialAction":[{"@type":"ReadAction","target":["https:\/\/www.triatlonpalmaces.com\/?page_id=839"]}]},{"@type":"ImageObject","inLanguage":"es","@id":"https:\/\/www.triatlonpalmaces.com\/?page_id=839#primaryimage","url":"https:\/\/www.triatlonpalmaces.com\/wp-content\/uploads\/2025\/10\/CIRCUITO-10-KM-2025.png","contentUrl":"https:\/\/www.triatlonpalmaces.com\/wp-content\/uploads\/2025\/10\/CIRCUITO-10-KM-2025.png","width":1289,"height":950},{"@type":"BreadcrumbList","@id":"https:\/\/www.triatlonpalmaces.com\/?page_id=839#breadcrumb","itemListElement":[{"@type":"ListItem","position":1,"name":"Portada","item":"https:\/\/www.triatlonpalmaces.com\/"},{"@type":"ListItem","position":2,"name":"Trail del Picozo","item":"https:\/\/www.triatlonpalmaces.com\/?page_id=91"},{"@type":"ListItem","position":3,"name":"Recorridos Trail del Picozo"}]},{"@type":"WebSite","@id":"https:\/\/www.triatlonpalmaces.com\/#website","url":"https:\/\/www.triatlonpalmaces.com\/","name":"Triatl\u00f3n de P\u00e1lmaces","description":"Web oficial del Triatl\u00f3n y de la Traves\u00eda de P\u00e1lmaces, y del Trail del Picozo","publisher":{"@id":"https:\/\/www.triatlonpalmaces.com\/#organization"},"potentialAction":[{"@type":"SearchAction","target":{"@type":"EntryPoint","urlTemplate":"https:\/\/www.triatlonpalmaces.com\/?s={search_term_string}"},"query-input":"required name=search_term_string"}],"inLanguage":"es"},{"@type":"Organization","@id":"https:\/\/www.triatlonpalmaces.com\/#organization","name":"Triatl\u00f3n de P\u00e1lmaces","url":"https:\/\/www.triatlonpalmaces.com\/","logo":{"@type":"ImageObject","inLanguage":"es","@id":"https:\/\/www.triatlonpalmaces.com\/#\/schema\/logo\/image\/","url":"https:\/\/www.triatlonpalmaces.com\/wp-content\/uploads\/2024\/09\/LOGO-MINIATURA-WEB-BLANCO.png","contentUrl":"https:\/\/www.triatlonpalmaces.com\/wp-content\/uploads\/2024\/09\/LOGO-MINIATURA-WEB-BLANCO.png","width":853,"height":903,"caption":"Triatl\u00f3n de P\u00e1lmaces"},"image":{"@id":"https:\/\/www.triatlonpalmaces.com\/#\/schema\/logo\/image\/"}}]}},"_links":{"self":[{"href":"https:\/\/www.triatlonpalmaces.com\/index.php?rest_route=\/wp\/v2\/pages\/839","targetHints":{"allow":["GET"]}}],"collection":[{"href":"https:\/\/www.triatlonpalmaces.com\/index.php?rest_route=\/wp\/v2\/pages"}],"about":[{"href":"https:\/\/www.triatlonpalmaces.com\/index.php?rest_route=\/wp\/v2\/types\/page"}],"author":[{"embeddable":true,"href":"https:\/\/www.triatlonpalmaces.com\/index.php?rest_route=\/wp\/v2\/users\/3"}],"replies":[{"embeddable":true,"href":"https:\/\/www.triatlonpalmaces.com\/index.php?rest_route=%2Fwp%2Fv2%2Fcomments&post=839"}],"version-history":[{"count":11,"href":"https:\/\/www.triatlonpalmaces.com\/index.php?rest_route=\/wp\/v2\/pages\/839\/revisions"}],"predecessor-version":[{"id":2219,"href":"https:\/\/www.triatlonpalmaces.com\/index.php?rest_route=\/wp\/v2\/pages\/839\/revisions\/2219"}],"up":[{"embeddable":true,"href":"https:\/\/www.triatlonpalmaces.com\/index.php?rest_route=\/wp\/v2\/pages\/91"}],"wp:attachment":[{"href":"https:\/\/www.triatlonpalmaces.com\/index.php?rest_route=%2Fwp%2Fv2%2Fmedia&parent=839"}],"curies":[{"name":"wp","href":"https:\/\/api.w.org\/{rel}","templated":true}]}}